se 2*q = 4*q - 10, r*z - 4*q = 211. Calculate the remainder when z is divided by 27.
23
Let o(k) = -35*k + 199. Let a(g) = 54*g - 2. Let b be a(5). Suppose -2*d + b = 86. Calculate the remainder when d is divided by o(5).
19
Let z(i) = i**3 - 8*i**2 + 4*i - 16. Let d = -102 + 103. Let n be d/(2/16*1). Calculate the remainder when 78 is divided by z(n).
14
Let g = 1499 + -920. What is the remainder when g is divided by 20?
19
Let h = 17469 + -17435. Calculate the remainder when 233 is divided by h.
29
Suppose -714*q = -683*q - 2728. Suppose 4*k = 2*n - 98, -3*k + 4*k = -n + 34. Suppose 0 = -g - 2*g + n. What is the remainder when q is divided by g?
10
Suppose 41*w = 32*w + 36. Suppose 0 = -s - 9*u + 10*u + 69, -w*s = -3*u - 273. Calculate the remainder when s is divided by 21.
3
Let i = 61288 + -61230. Let b = 9 + 6. Suppose 5*c = f, 2*f + 0*c = 5*c + b. Calculate the remainder when i is divided by f.
13
Let l = 4 - -61. Let q = l + -14. What is the remainder when 354 is divided by q?
48
Let a be ((-6)/(-10))/((-3)/(-15)). Suppose d - 518 = -13*d. Suppose a*v = 65 + d. What is the remainder when 98 is divided by v?
30
Let p(v) = -3*v**2 - 78*v + 14. Suppose 0 = -21*g - 311 - 235. What is the remainder when 151 is divided by p(g)?
11
Let h(a) = -a**3 - 19*a**2 - 22*a - 58. What is the remainder when 4700 is divided by h(-18)?
10
Suppose -2*q = -4 - 42. Let x(d) = 9*d - 2 - 2*d + 5*d - 3. Calculate the remainder when x(8) is divided by q.
22
Calculate the remainder when 12/(-36)*-1569 - 7 is divided by 94.
46
Suppose -12 = 3*u, -4*t + 275 + 173 = u. Suppose t + 67 = 6*c. Calculate the remainder when 143 is divided by c.
23
Suppose 6063*k - 154 = 6041*k. Let q(p) = p - 9. Let g be q(7). Calculate the remainder when k is divided by (g - -3 - 0) + 2.
1
Suppose -4*l + 893 - 721 = 0. Calculate the remainder when 2751 is divided by l.
42
Suppose 0 = -8*v - y + 163 + 22, -3*y = -5*v + 83. Let o(q) = 23*q**2 - 5*q + 3. Calculate the remainder when o(3) is divided by v.
19
Suppose -27*a - 5*a - 1888 = 0. Let b = a - -333. Calculate the remainder when b is divided by 46.
44
Suppose -2*x - 38 = -5*o - 61, -11 = x + 5*o. Calculate the remainder when 4062 is divided by x.
2
Calculate the remainder when 499 + 3 + -7*3/(-3) is divided by 485.
24
Let i be 3/(-9) + (-868)/(-21) + 1. Calculate the remainder when 103 is divided by 53/1 - 252/i.
9
Let h = -7938 - -8129. What is the remainder when 338 is divided by h?
147
Suppose 5 + 7 = 2*o. Let h(d) = d - 11. Let j be h(o). Calculate the remainder when 18 is divided by j/2*(-16)/10.
2
Let j(d) = -34*d - 25. Let q be j(-14). Suppose -10*l = 41 - q. What is the remainder when l is divided by 25?
16
Let g(f) = 103*f - 3146. What is the remainder when 557 is divided by g(31)?
40
Let n = 8 + -6. Suppose 3*x + n*x - u - 1145 = 0, 3*u = -x + 229. Suppose 6*q - 191 = x. What is the remainder when q is divided by 15?
10
Let d = -12669 - -12684. Calculate the remainder when 216 is divided by d.
6
Let m be ((-4617)/90 - (-3)/(-15))*-12. Let g = m + -573. Calculate the remainder when g is divided by 29.
16
Let h = -195 - -198. Suppose -4*j + 4*y + 65 = -75, 0 = h*j + y - 109. What is the remainder when 178 is divided by j?
34
Let d(w) be the third derivative of w**5/60 - 3*w**4/8 + 5*w**3/2 + 267*w**2. Calculate the remainder when d(17) is divided by 56.
39
Let k be 5 + (-618)/126 + (-145)/(-21). Suppose -417 + 186 = -k*z. What is the remainder when 125 is divided by z?
26
Let c(m) = -3*m**2 - 26*m + 6. What is the remainder when 221 is divided by c(-6)?
5
Let v be 20*(-1)/(-8)*(4 - 2). Suppose -3*x + 379 = v*l, 18*l = 23*l - 5*x - 395. Suppose 0 = 5*p - p - 64. What is the remainder when l is divided by p?
13
What is the remainder when 206 + -4 + 6/(18/15) is divided by (-8 - (-301)/21)/(4/12)?
17
Let s(y) = -9*y**2 - 5*y - 20. Let n be s(6). Let i be (1/(-3))/(2 + n/186). Suppose 10*x + i = 111. Calculate the remainder when 30 is divided by x.
6
Calculate the remainder when ((-4)/2)/(224/(-42448)) is divided by 186.
7
Let b(g) = g**2 - 9*g + 25. Let j be b(4). Let h be (-1 + 31)*(j/15 - 0). Suppose 531 = -7*o + h*o. Calculate the remainder when o is divided by 9.
6
Suppose -16956 + 2514 = -174*c. Calculate the remainder when 1069 is divided by c.
73
Suppose -934 = -3*w - 5*y, 40*w - 37*w - 2*y - 983 = 0. What is the remainder when 418 is divided by w?
95
Suppose -52 = 4*s - 4*x, 5*s - s + 4*x + 28 = 0. Let m be (-3765)/s*(-1 - (-10)/6). Suppose 6*l - 187 - m = 0. What is the remainder when l is divided by 25?
23
Let a = -18 - -39. Suppose a*x - 598 = -2*x. What is the remainder when 101 is divided by x?
23
What is the remainder when (82535/34)/(35/14) is divided by 241?
7
Let u = -2876 + 3368. What is the remainder when 519 is divided by u?
27
Suppose -40 = d + 4*k - 131, 4*k + 289 = 3*d. What is the remainder when d is divided by 12?
11
Suppose -5*a = 2*r - 22, -3*a - 17 = -5*r - 6*a. What is the remainder when 158 is divided by (3 - -4) + 13/r?
18
Suppose -12*h - 305 = -17*h - 5*d, -3*d = -2*h + 147. Suppose -3*s + 2*x = -177, x + 2*x + h = s. Calculate the remainder when 273 is divided by s.
45
Let i be ((-5)/(-10) - (-5)/(-2)) + -42. Let m = i + 63. Calculate the remainder when 36 is divided by m.
17
Suppose -r - 2911 = 14*r - 4936. Calculate the remainder when 3908 is divided by r.
128
Suppose 4*m - 17*d + 15*d - 112 = 0, 3*d - 40 = -2*m. Suppose 0 = -x + 5*x - 1868. Calculate the remainder when x is divided by m.
25
Let c(d) = -9 + 8*d - 4 - d**2 - 7 + 6*d + 0*d**2. What is the remainder when 127 is divided by c(11)?
10
Let m(w) = 2*w**3 - 25*w**2 - 172*w - 44. Calculate the remainder when m(18) is divided by 1*(17 - 0)*5.
84
What is the remainder when 80/(-8)*8/((-64)/2180) is divided by 58?
57
Suppose -8942 - 24506 - 43352 = -192*i. What is the remainder when i is divided by 137?
126
Suppose 3*a - 12 = 0, -365*v + 368*v - 19 = -a. Let i = 11 - 7. Suppose -4*m + 8 = -i. What is the remainder when v is divided by m?
2
Let t = 11 - 17. Let z(f) = -3*f**2 - f + 10. Let y be z(t). Let s = -15 - y. What is the remainder when s is divided by 10?
7
Let g(s) = 4*s**3 + 46*s**2 + 5*s + 143. Calculate the remainder when 13859 is divided by g(-11).
329
Suppose 30 = 2*p + 3*p. Let t(r) = 23*r - 42. Let q = 140 - 138. Calculate the remainder when p is divided by t(q).
2
Let v(h) = 132*h + 26633. What is the remainder when v(-201) is divided by (2/4)/(1/52)?
23
Let v = -11 + 14. Let f(a) = -4*a + 4*a + a + 8 - v. Calculate the remainder when 10 is divided by f(-2).
1
Suppose 37*t - 33*t - 2 = 5*r, 4*r = 4*t - 8. Let o be 1 + -32 + (-4)/(-2). Let k = o + 46. What is the remainder when k is divided by r?
5
Let g(o) = -8*o**3 + o**2 + 2*o + 1. Suppose 43*h + 8 = 41*h. What is the remainder when g(-1) is divided by (-255)/(-75) - h/(-10)?
2
Suppose 0 = 1452*f - 1457*f + 4*d + 14907, 3*d + 14909 = 5*f. Calculate the remainder when f is divided by 9.
4
Suppose -10*h - 115 = -15*h. Let d = 40 - -21. Suppose 4*w = 119 + d. Calculate the remainder when w is divided by h.
22
Let z(q) = -q**2 + 4*q. Let h be z(0). Suppose 3*t = b - 33, 2*b - 5*t - 18 - 43 = h. What is the remainder when b is divided by 10?
8
Suppose -4*d + 66 = 5*k - 2*d, -k + 4*d = -22. Suppose 0 = -2*j - 65142*o + 65140*o + 104, -4*j - 3*o + 211 = 0. What is the remainder when j is divided by k?
13
Let v(m) = 33*m + 1. Suppose 7*z - 9*z + 826 = 0. Suppose -18*f + 77*f - z = 0. What is the remainder when v(1) is divided by f?
6
Suppose -k - 12 = -2*t, -5*k + 1 + 4 = 3*t. Suppose 2*w + 85 = t*w - 2*u, -u = -2*w + 57. What is the remainder when w is divided by 11 + -2 + (-2)/((-8)/4)?
9
Suppose -7051 = -4*k - 3*z, 0 = -4*k - 172*z + 167*z + 7045. Calculate the remainder when k is divided by 572.
49
Suppose -4*l - 38 = -130. What is the remainder when 56/35*140/2 is divided by l?
20
Let d = 475802 - 475605. Let h(f) = 4*f**2 + 7*f - 2. What is the remainder when d is divided by h(-6)?
97
Let u(j) = -j**3 + 8*j**2 - 5*j - 2. Let t(p) = p**3 + 8*p**2 + 6*p + 6. Calculate the remainder when u(4) is divided by t(-7).
3
Let q(z) = 2*z**2 + 34*z + 102. Calculate the remainder when q(-24) is divided by 138.
24
Let f(d) = -84*d - 3265. What is the remainder when f(-134) is divided